8.
2, 3, 523
List the prime factors of 6651.
3, 739
List the prime factors of 21460.
2, 5, 29, 37
What are the prime factors of 5295?
3, 5, 353
What are the prime factors of 22402?
2, 23, 487
List the prime factors of 4673.
4673
List the prime factors of 2989.
7, 61
List the prime factors of 11826.
2, 3, 73
List the prime factors of 1322.
2, 661
What are the prime factors of 91794?
2, 3, 15299
What are the prime factors of 10998?
2, 3, 13, 47
What are the prime factors of 2558?
2, 1279
List the prime factors of 79372.
2, 19843
What are the prime factors of 17227?
7, 23, 107
List the prime factors of 498.
2, 3, 83
What are the prime factors of 3620?
2, 5, 181
List the prime factors of 697.
17, 41
What are the prime factors of 4406?
2, 2203
What are the prime factors of 1063?
1063
What are the prime factors of 9307?
41, 227
What are the prime factors of 133289?
13, 10253
What are the prime factors of 36556?
2, 13, 19, 37
List the prime factors of 3611.
23, 157
What are the prime factors of 10516?
2, 11, 239
List the prime factors of 6428.
2, 1607
List the prime factors of 426.
2, 3, 71
What are the prime factors of 138?
2, 3, 23
List the prime factors of 13772.
2, 11, 313
What are the prime factors of 1336?
2, 167
List the prime factors of 1204.
2, 7, 43
List the prime factors of 42409.
42409
List the prime factors of 5091.
3, 1697
List the prime factors of 511.
7, 73
What are the prime factors of 472?
2, 59
What are the prime factors of 4856?
2, 607
What are the prime factors of 3175?
5, 127
List the prime factors of 24864.
2, 3, 7, 37
List the prime factors of 1408.
2, 11
List the prime factors of 54255.
3, 5, 3617
List the prime factors of 9302.
2, 4651
What are the prime factors of 22522?
2, 11261
What are the prime factors of 552?
2, 3, 23
List the prime factors of 112328.
2, 19, 739
What are the prime factors of 7796?
2, 1949
What are the prime factors of 10609?
103
List the prime factors of 1166.
2, 11, 53
List the prime factors of 17581.
17581
List the prime factors of 1537.
29, 53
List the prime factors of 2265.
3, 5, 151
List the prime factors of 4447.
4447
What are the prime factors of 1261?
13, 97
List the prime factors of 4218.
2, 3, 19, 37
What are the prime factors of 1022?
2, 7, 73
What are the prime factors of 18107?
19, 953
List the prime factors of 10758.
2, 3, 11, 163
List the prime factors of 1089.
3, 11
List the prime factors of 11878.
2, 5939
List the prime factors of 8689.
8689
What are the prime factors of 111380?
2, 5, 5569
List the prime factors of 706.
2, 353
What are the prime factors of 13443?
3, 4481
List the prime factors of 1147.
31, 37
What are the prime factors of 22590?
2, 3, 5, 251
What are the prime factors of 9468?
2, 3, 263
What are the prime factors of 4235?
5, 7, 11
What are the prime factors of 72493?
72493
List the prime factors of 1304.
2, 163
List the prime factors of 38230.
2, 5, 3823
What are the prime factors of 1069?
1069
List the prime factors of 2190.
2, 3, 5, 73
What are the prime factors of 164625?
3, 5, 439
List the prime factors of 4570.
2, 5, 457
List the prime factors of 997.
997
What are the prime factors of 103025?
5, 13, 317
List the prime factors of 56586.
2, 3, 9431
List the prime factors of 2779.
7, 397
List the prime factors of 98732.
2, 24683
What are the prime factors of 8074?
2, 11, 367
List the prime factors of 7516.
2, 1879
What are the prime factors of 19733?
7, 2819
What are the prime factors of 47639?
47639
What are the prime factors of 17501?
11, 37, 43
List the prime factors of 12474.
2, 3, 7, 11
What are the prime factors of 77888?
2, 1217
List the prime factors of 51894.
2, 3, 31
What are the prime factors of 41098?
2, 20549
What are the prime factors of 6979?
7, 997
What are the prime factors of 468?
2, 3, 13
List the prime factors of 42341.
13, 3257
List the prime factors of 117012.
2, 3, 7, 199
List the prime factors of 112596.
2, 3, 11, 853
What are the prime factors of 4313?
19, 227
What are the prime factors of 5084?
2, 31, 41
What are the prime factors of 3125?
5
List the prime factors of 7271.
11, 661
List the prime factors of 5105.
5, 1021
What are the prime factors of 665?
5, 7, 19
List the prime factors of 3246.
2, 3, 541
What are the prime factors of 5692?
2, 1423
What are the prime factors of 5?
5
List the prime factors of 41700.
2, 3, 5, 139
What are the prime factors of 14200?
2, 5, 71
What are the prime factors of 1009?
1009
What are the prime factors of 1062?
2, 3, 59
List the prime factors of 43186.
2, 11, 13, 151
List the prime factors of 827.
827
What are the prime factors of 28919?
11, 239
List the prime factors of 124231.
124231
List the prime factors of 4145.
5, 829
What are the prime factors of 4058?
2, 2029
List the prime factors of 45747.
3, 13, 17, 23
List the prime factors of 856.
2, 107
List the prime factors of 18270.
2, 3, 5, 7, 29
List the prime factors of 332.
2, 83
List the prime factors of 15666.
2, 3, 7, 373
What are the prime factors of 1386?
2, 3, 7, 11
List the prime factors of 7734.
2, 3, 1289
What are the prime factors of 782?
2, 17, 23
What are the prime factors of 2829?
3, 23, 41
List the prime factors of 83672.
2, 10459
List the prime factors of 384.
2, 3
What are the prime factors of 21190?
2, 5, 13, 163
List the prime factors of 233.
233
What are the prime factors of 1364?
2, 11, 31
What are the prime factors of 2220?
2, 3, 5, 37
List the prime factors of 18790.
2, 5, 1879
What are the prime factors of 23417?
23417
List the prime factors of 2269.
2269
What are the prime factors of 6182?
2, 11, 281
List the prime factors of 24420.
2, 3, 5, 11, 37
List the prime factors of 6117.
3, 2039
List the prime factors of 926.
2, 463
What are the prime factors of 1385?
5, 277
List the prime factors of 7028.
2, 7, 251
What are the prime factors of 850?
2, 5, 17
List the prime factors of 10928.
2, 683
What are the prime factors of 197?
197
List the prime factors of 91753.
91753
What are the prime factors of 85734?
2, 3, 11, 433
What are the prime factors of 6338?
2, 3169
What are the prime factors of 129192?
2, 3, 7, 769
List the prime factors of 8157.
3, 2719
List the prime factors of 1998.
2, 3, 37
List the prime factors of 50513.
50513
What are the prime factors of 5628?
2, 3, 7, 67
What are the prime factors of 5962?
2, 11, 271
What are the prime factors of 128?
2
List the prime factors of 2295.
3, 5, 17
What are the prime factors of 3442?
2, 1721
What are the prime factors of 37?
37
What are the prime factors of 950?
2, 5, 19
List the prime factors of 1111.
11, 101
List the prime factors of 138786.
2, 3, 23131
What are the prime factors of 8874?
2, 3, 17, 29
List the prime factors of 10711.
10711
What are the prime factors of 39723?
3, 13241
What are the prime factors of 1128?
2, 3, 47
List the prime factors of 2902.
2, 1451
What are the prime factors of 475?
5, 19
What are the prime factors of 2604?
2, 3, 7, 31
List the prime factors of 57840.
2, 3, 5, 241
List the prime factors of 3370.
2, 5, 337
List the prime factors of 14299.
79, 181
List the prime factors of 36461.
19, 101
What are the prime factors of 5675?
5, 227
What are the prime factors of 5616?
2, 3, 13
What are the prime factors of 1945?
5, 389
What are the prime factors of 3218?
2, 1609
List the prime factors of 96.
2, 3
List the prime factors of 2798.
2, 1399
List the prime factors of 1276.
2, 11, 29
What are the prime factors of 1126?
2, 563
What are the prime factors of 9916?
2, 37, 67
What are the prime factors of 49861?
7, 17, 419
What are the prime factors of 54645?
3, 5, 3643
What are the prime factors of 4656?
2, 3, 97
What are the prime factors of 14230?
2, 5, 1423
What are the prime factors of 69875?
5, 13, 43
List the prime factors of 3677.
3677
What are the prime factors of 16502?
2, 37, 223
List the prime factors of 1133.
11, 103
List the prime factors of 9933.
3, 7, 11, 43
What are the prime factors of 28901?
28901
List the prime factors of 1231.
1231
List the prime factors of 24801.
3, 7, 1181
What are the prime factors of 35?
5, 7
List the prime factors of 89875.
5, 719
What are the prime factors of 67064?
2, 83, 101
What are the prime factors of 13864?
2, 1733
What are the prime factors of 1644?
2, 3, 137
What are the prime factors of 1430?
2, 5, 1